 and 780.
15
Calculate the greatest common divisor of 380 and 40.
20
What is the highest common divisor of 822 and 15?
3
What is the highest common factor of 55 and 855?
5
What is the highest common factor of 168 and 8484?
84
What is the greatest common factor of 110 and 5995?
55
What is the highest common factor of 54 and 210?
6
What is the greatest common divisor of 152 and 95?
19
Calculate the highest common divisor of 128 and 32.
32
What is the highest common factor of 5 and 155?
5
Calculate the greatest common divisor of 78 and 42.
6
What is the greatest common divisor of 168 and 64?
8
What is the highest common factor of 928 and 667?
29
Calculate the greatest common factor of 10 and 37190.
10
What is the greatest common factor of 26 and 208?
26
What is the greatest common divisor of 23 and 4163?
23
What is the greatest common divisor of 340 and 18292?
68
What is the greatest common factor of 240 and 210?
30
Calculate the highest common factor of 90 and 12618.
18
What is the greatest common divisor of 26 and 39?
13
Calculate the highest common factor of 27 and 2358.
9
What is the greatest common divisor of 5 and 125?
5
Calculate the greatest common divisor of 500 and 110.
10
What is the highest common factor of 12 and 1732?
4
What is the greatest common divisor of 828 and 18630?
414
What is the greatest common factor of 200 and 24?
8
Calculate the greatest common factor of 76 and 8.
4
What is the highest common factor of 69 and 184?
23
Calculate the highest common divisor of 198 and 374.
22
What is the greatest common divisor of 13 and 1391?
13
What is the highest common divisor of 176 and 22?
22
What is the highest common divisor of 4321 and 261?
29
What is the greatest common factor of 42 and 42?
42
What is the greatest common factor of 14 and 602?
14
Calculate the highest common divisor of 12 and 2388.
12
What is the greatest common divisor of 252 and 36?
36
Calculate the highest common divisor of 833 and 63.
7
What is the highest common factor of 7 and 79?
1
What is the highest common divisor of 350 and 37975?
175
Calculate the greatest common divisor of 2842 and 58.
58
What is the greatest common divisor of 848 and 32?
16
What is the greatest common divisor of 30 and 6468?
6
What is the greatest common divisor of 11 and 99?
11
Calculate the highest common factor of 12572 and 28.
28
What is the highest common divisor of 682 and 22?
22
What is the highest common factor of 82 and 46?
2
Calculate the greatest common divisor of 464 and 203.
29
Calculate the greatest common divisor of 4393 and 955.
191
Calculate the highest common divisor of 5450 and 250.
50
Calculate the highest common divisor of 154 and 322.
14
Calculate the greatest common divisor of 913 and 649.
11
Calculate the greatest common factor of 480 and 180.
60
What is the greatest common factor of 791 and 226?
113
Calculate the greatest common factor of 1146 and 6.
6
What is the greatest common divisor of 170 and 114920?
170
What is the greatest common divisor of 5 and 15095?
5
Calculate the highest common divisor of 3182 and 129.
43
Calculate the greatest common factor of 230 and 23.
23
What is the highest common factor of 13181 and 7?
7
Calculate the highest common divisor of 101 and 34037.
101
What is the greatest common divisor of 55 and 1760?
55
What is the highest common factor of 66 and 462?
66
Calculate the highest common factor of 38 and 2.
2
What is the highest common factor of 1817 and 553?
79
Calculate the highest common factor of 264 and 9.
3
What is the highest common divisor of 912 and 48?
48
Calculate the greatest common divisor of 232 and 24.
8
What is the highest common divisor of 2664 and 8?
8
What is the highest common divisor of 42 and 27?
3
What is the highest common divisor of 496 and 176?
16
Calculate the greatest common factor of 4667 and 13.
13
Calculate the highest common divisor of 945 and 70.
35
Calculate the highest common factor of 130 and 20.
10
Calculate the greatest common factor of 903 and 1849.
43
What is the greatest common factor of 16 and 2704?
16
Calculate the highest common factor of 752 and 47.
47
What is the greatest common factor of 45 and 21585?
15
What is the highest common factor of 147 and 105?
21
Calculate the highest common divisor of 81 and 9.
9
What is the greatest common divisor of 19 and 3743?
19
Calculate the highest common divisor of 52 and 39.
13
What is the highest common factor of 204 and 68?
68
Calculate the highest common divisor of 63 and 8778.
21
What is the highest common divisor of 15 and 27015?
15
Calculate the greatest common factor of 474 and 42.
6
Calculate the highest common factor of 501 and 27.
3
Calculate the highest common divisor of 1730 and 10.
10
Calculate the highest common divisor of 1 and 256.
1
Calculate the greatest common factor of 744 and 1054.
62
Calculate the greatest common divisor of 7124 and 52.
52
What is the greatest common factor of 70 and 4858?
14
What is the greatest common factor of 1115 and 669?
223
Calculate the greatest common divisor of 1118 and 688.
86
What is the highest common divisor of 54 and 18?
18
Calculate the highest common divisor of 43 and 2623.
43
What is the highest common factor of 480 and 90?
30
What is the highest common divisor of 14 and 17934?
14
What is the greatest common factor of 374 and 22?
22
Calculate the greatest common factor of 468 and 252.
36
Calculate the greatest common divisor of 184 and 8.
8
Calculate the greatest common factor of 72 and 1888.
8
What is the highest common divisor of 46 and 161?
23
Calculate the greatest common divisor of 1956 and 12.
12
Calculate the highest common factor of 40 and 1324.
4
Calculate the highest common factor of 45 and 120.
15
Calculate the highest common factor of 325 and 13.
13
Calculate the highest common factor of 238 and 1394.
34
What is the greatest common factor of 144 and 27?
9
Calculate the highest common factor of 7373 and 949.
73
Calculate the highest common divisor of 48 and 24.
24
What is the greatest common factor of 248 and 40?
8
Calculate the highest common factor of 19 and 52.
1
Calculate the greatest common divisor of 26 and 6045.
13
What is the highest common factor of 287 and 14?
7
Calculate the greatest common divisor of 63 and 9.
9
Calculate the greatest common divisor of 5180 and 252.
28
What is the highest common factor of 615 and 6355?
205
Calculate the highest common factor of 295 and 2.
1
What is the highest common divisor of 695 and 1?
1
What is the highest common divisor of 4539 and 1246?
89
Calculate the highest common factor of 1372 and 28.
28
What is the highest common factor of 13152 and 192?
96
What is the highest common factor of 690 and 4002?
138
Calculate the greatest common divisor of 76390 and 10.
10
What is the greatest common factor of 70 and 10?
10
What is the greatest common factor of 1025 and 575?
25
What is the highest common factor of 238 and 98?
14
Calculate the greatest common divisor of 21 and 1505.
7
What is the highest common divisor of 96 and 6?
6
What is the greatest common divisor of 25 and 1100?
25
Calculate the highest common factor of 333 and 315.
9
What is the highest common divisor of 4352 and 68?
68
Calculate the highest common divisor of 25 and 6775.
25
Calculate the greatest common divisor of 565 and 1808.
113
Calculate the greatest common factor of 1323 and 4704.
147
What is the greatest common divisor of 372 and 279?
93
What is the greatest common factor of 8875 and 284?
71
What is the greatest common divisor of 1539 and 81?
81
Calculate the highest common factor of 1248 and 96.
96
Calculate the greatest common divisor of 4 and 44.
4
Calculate the highest common divisor of 646 and 68.
34
Calculate the highest common factor of 56 and 64.
8
Calculate the highest common divisor of 372 and 264.
12
What is the greatest common divisor of 472 and 4?
4
What is the highest common divisor of 15414 and 126?
42
What is the highest common factor of 3 and 87?
3
What is the highest common factor of 200 and 350?
50
What is the highest common factor of 11 and 99?
11
What is the highest common divisor of 46 and 782?
46
Calculate the greatest common factor of 609 and 21.
21
What is the highest common divisor of 2400 and 80?
80
What is the highest common divisor of 